divided by n(-2).
24
Calculate the remainder when (56/4)/(14/6279) is divided by 40.
39
Let s = -243 - -94. Let j = s + 362. Calculate the remainder when j is divided by 43.
41
Suppose -11*k = -6*k - 355. Suppose -12*u - l + 276 = -4*l, -2*l = 3*l. Calculate the remainder when k is divided by u.
2
Suppose -9*k + 11*k = 5*w + 21, 5*w + 90 = 5*k. What is the remainder when 93 is divided by k?
1
Let d = 1737 - 1629. What is the remainder when 2265 is divided by d?
105
Let w = 2925 + -2653. Calculate the remainder when 858 is divided by w.
42
Suppose 5*q + 2*x = -96, -5*q + 2*x + x = 106. Let s = -4 - q. Suppose -t - 5*i + 29 = 0, -4*t = -2*i + i - 179. What is the remainder when t is divided by s?
12
Suppose -9*b = -0*b - 1071. Let i = b + -91. Calculate the remainder when 49 is divided by i.
21
Suppose -5*o = 3*k - 332, -3*k - 9 = -21. Suppose o = 124*a - 122*a. What is the remainder when (-60)/(-9)*(5 + 4) is divided by a?
28
Let c = 25 + -4. Let i be (c - 15)/((-3)/(-2)). Suppose -i*l + 116 = 2*k, -5*k + 262 = -l + 4*l. What is the remainder when k is divided by 13?
11
Let u(y) = y**3 + 10*y**2 + 6*y - 13. Let p be u(-9). Suppose -p*z + 66 = -12*z. Calculate the remainder when z is divided by 4.
1
Let x be 1/(486/483 - (-6)/(-6)). Let w = x - 157. Suppose 5*l - 12 - 8 = 0. What is the remainder when l is divided by w?
0
Let f = -230 + 438. Let p(m) = -8*m - 3. Calculate the remainder when f is divided by p(-3).
19
Let y(w) = -403*w + 1756. Calculate the remainder when y(4) is divided by 33.
12
Let h(y) = y**3 - y**2 - 101. Let w be h(0). Let j(s) = -2*s**2 - 103*s + 409. What is the remainder when j(-55) is divided by w/(-11) - 4/22?
6
Let b be (-5)/((-35)/10 + 4). Let j be ((-36)/(-15))/((-22)/b + -2). What is the remainder when 148 is divided by -2 + ((-6)/(-4))/(j/256)?
28
Let t = -76 - -136. Let i be (2 - -4)/(5/((-40)/12)). Calculate the remainder when i/(-12)*(897 - 3) is divided by t.
58
Suppose -2*r - 3*r + 135 = 0. Suppose 5*q - 1225 = -3*i, 1611 - 381 = 5*q + 4*i. What is the remainder when q is divided by r?
26
Let s(y) = -y**3 + 24*y**2 - 42*y - 18. Let c = 60 + -54. What is the remainder when s(22) is divided by c?
2
Suppose 10*f - 7 = 103. Suppose -f*s + 36 = -7*s. Let n(u) = 2*u**3 - 5*u**2 + u - 8. Calculate the remainder when n(4) is divided by s.
8
Let q be 375/6 - (-1)/2. Suppose -q = -0*d - 3*d. What is the remainder when ((-22620)/(-312))/(1/2) is divided by d?
19
Let u(i) = -i**3 + 26*i**2 + 4*i - 12. Let w = 82 + -52. Calculate the remainder when u(26) is divided by (-1)/w*4 + 362/15.
20
Suppose -17 = 2*x + 5*y, -8 = 2*x + x + 4*y. Suppose 0 = 5*i - z + 290, -x*i - 90 = -4*z + 126. What is the remainder when 2*(0 + -1)*i is divided by 30?
28
What is the remainder when 7/(-14)*-2*508 is divided by 246?
16
Let x(g) = -2*g**3 + 8*g**2 + 5. Let j be x(6). Let m = -112 - j. What is the remainder when 80 is divided by m?
26
Suppose 5421 + 5632 = 45*u - 287. What is the remainder when u is divided by 241?
11
Let r be 16/(-6)*3/(-2). Suppose 0 = -t - 10*h - 9 - 10, -5*t + 2*h + 165 = 0. What is the remainder when t is divided by -3 + 6*14/r?
13
Suppose 4*p + 0*p = -2*p. Calculate the remainder when 1*-1 - p - (-52 - 12) is divided by 0 - -3 - (-11 + -2).
15
Suppose -m = -2*m + 8. Suppose -i - m + 34 = 0. Suppose 36*o - 20 = 4*b + 40*o, -4*o = -2*b + 68. What is the remainder when i is divided by b?
2
Calculate the remainder when 2 + 1 + (-2)/(-18) + 3696/27 is divided by 45.
5
Let x(w) = 57*w - 33. Let b(l) = -29*l + 17. Let d(h) = -5*b(h) - 3*x(h). Let p be d(3). Let n = p - -93. Calculate the remainder when n is divided by 8.
5
Let p(q) = 22*q + 1814. Let n = 83 - -39. Calculate the remainder when n is divided by p(-81).
26
Let b(l) = 13*l + 4. Let f(i) = -i**3 - 7*i**2 + 16*i + 124. Let s be f(-7). Suppose -g + s*g - 154 = 0. Calculate the remainder when b(5) is divided by g.
13
Suppose -2*w = 3*k - 334, 0 = -5*k - 134*w + 132*w + 558. Let b = 64 - 45. What is the remainder when k is divided by b?
17
What is the remainder when (-16915)/(-199)*5/1 is divided by 398?
27
Let o(f) = f + 12. Let v be o(-11). Let n be ((-3)/v)/((-30)/70). Suppose -n*z = -2*z - 185. What is the remainder when z is divided by 13?
11
Let t(s) = -10*s + 44. Let c(o) = 5*o - 21. Let h(d) = -5*c(d) - 3*t(d). What is the remainder when 8 is divided by h(6)?
2
Suppose -3*x + 5*d = 49, 15 = -5*x - 11*d + 6*d. What is the remainder when 2*172/(-6)*6/x is divided by 4?
3
Let i be (1 - (0 - 1))*(-56)/(-8). Suppose -i = -r - 0*r. Suppose 0 = -f + 5 + r. What is the remainder when 36 is divided by f?
17
Let d(k) = -118 + 7*k - 2*k + 18*k**2 + 115. What is the remainder when d(2) is divided by 29?
21
Let m = 23368 + -6105. What is the remainder when m is divided by 13?
12
Suppose 0 = -3*s + 4*s + 1. Let q = -32 - s. Let c = -20 - q. What is the remainder when 31 is divided by c?
9
Let d be (-1 - -15) + -52 + 44. Suppose d*v - 3*v = -n + 125, 8*n + 32 = 0. Calculate the remainder when 79 is divided by v.
36
Let w be 54/15 - (-4)/10. Suppose 110 = w*j - 2. Suppose -3*y = k - 21, 1115*y + 55 = 3*k + 1120*y. What is the remainder when j is divided by k?
13
Let z = 7 - 6. Let s(n) = 5*n**2 + n - 2. Let d be s(z). Suppose d*j - 30 = -2*f, f + 4 = -3*j + 15. Calculate the remainder when 158 is divided by f.
20
Suppose 4*y - 3*h - 1028 = 0, 900 = 3*y - 5*h + 129. What is the remainder when y is divided by 36?
5
Suppose -2344 = -7*z - 720. Calculate the remainder when z is divided by 26.
24
Let p(k) = -94*k**3 + k**2 + 3*k - 4. Let z(r) = 1. Let v(g) = p(g) + 6*z(g). Calculate the remainder when v(-1) is divided by 8.
6
Let c(l) = -l**3 - 3*l**2 + 5*l - 3. Suppose -7 = -h - 3*s - 27, -10 = -2*h + 4*s. Calculate the remainder when (13 + -3)*26/4 is divided by c(h).
21
Let d(s) = s**3 + 21*s**2 + 29*s + 39. Let n be d(-11). Let l = n + -385. Calculate the remainder when l is divided by 91.
90
Suppose 0 = 31*z + 92 - 118 - 470. Calculate the remainder when 317 is divided by z.
13
Let d be 3 - (7 + -4 + -66). Suppose -d = -5*w + 39. Let f = w - 9. Calculate the remainder when 44 is divided by f.
8
Suppose -z - 3*w = -4163, 4187 = z - 506*w + 503*w. What is the remainder when z is divided by 87?
86
Let c(h) = -54*h + 21. Let p be c(3). Let f = p - -425. What is the remainder when f is divided by 48?
44
Suppose 2*p - 10*p + 880 = 0. What is the remainder when 876 is divided by p?
106
Suppose 5*w - 30 = l, l + l - 5*w = -65. Let g = -38 - l. Calculate the remainder when ((-10)/6)/(g/(-27)*-3) is divided by 2.
1
Let i = -226 - -231. Suppose -5*v - 2265 = -5*x, -4*x + i*v = -1008 - 801. Calculate the remainder when x is divided by 92.
88
Let v = 96 + -78. Calculate the remainder when 190 is divided by v*9/(135/40).
46
Let n = -9 + -28. Let u = -127 + 195. Let b = n + u. Calculate the remainder when 91 is divided by b.
29
Let t(p) = -p + 25. Let y(s) = -583*s + 1193. Calculate the remainder when y(2) is divided by t(5).
7
Let d be (417/3)/(2/2). Suppose 87 = 3*i + 3*n, 0*i - 5*i + d = -n. What is the remainder when i is divided by 10?
8
Let x = -2971 + 3087. Calculate the remainder when 3129 is divided by x.
113
Let o(m) = 3*m**3 + 86*m**2 - 31*m - 67. Let j be o(-29). What is the remainder when 59 is divided by (-12)/j + (-460)/(-60)?
5
Suppose a - 3*w + 3632 = 3961, 2*a + 5*w = 757. Calculate the remainder when 2097 is divided by a.
317
Let i(c) = 21*c**2 + 4*c + 2. Suppose -5*n = -4*n + 1. What is the remainder when 56 is divided by i(n)?
18
What is the remainder when 532 is divided by ((-183)/14 - (-231)/(-154))/(3/(-28))?
124
Suppose -23*m + 21*m = 3*o - 263, -2*o - 414 = -3*m. Calculate the remainder when 276 is divided by m.
4
Let o = -13819 - -14909. What is the remainder when o is divided by 38?
26
Suppose -3609 + 381 = -6*z. Let s = -469 + z. What is the remainder when s is divided by 19?
12
Let q(s) = -185*s + 363. What is the remainder when q(0) is divided by 88?
11
Suppose 16336*s = 16360*s - 2136. Suppose 2*g - 4 - 44 = -5*a, 24 = g + a. Calculate the remainder when s is divided by g.
17
Suppose -1076 - 88 = -4*c. Let g = -140 + c. Suppose 4*w + 126 = 5*j, 5*w - 86 = -3*j + 10*w. What is the remainder when g is divided by j?
19
Suppose 4*u - 225*x + 228*x = 71, -